{"id":33,"date":"2018-04-18T14:45:47","date_gmt":"2018-04-18T17:45:47","guid":{"rendered":"http:\/\/evelinprojetos.com\/site\/?page_id=33"},"modified":"2020-03-24T09:22:16","modified_gmt":"2020-03-24T12:22:16","slug":"designdeinteriores","status":"publish","type":"page","link":"https:\/\/evelinprojetos.com\/site\/designdeinteriores\/","title":{"rendered":"Design de Interiores"},"content":{"rendered":"<p>Hoje temos 03 modalidades de projetos de design:<\/p>\n<h4><strong>\u00a0 \u00a0 \u00a0<a href=\"http:\/\/evelinprojetos.com\/site\/decoracao-de-espacos\/\">decora\u00e7\u00e3o de espa\u00e7os<\/a><\/strong><\/h4>\n<h4><strong>\u00a0 \u00a0 \u00a0<a href=\"http:\/\/evelinprojetos.com\/site\/projetos-de-mobiliario-3d\/\">Projeto de mobili\u00e1rio<\/a><\/strong><\/h4>\n<h4><strong>\u00a0 \u00a0 \u00a0<a href=\"http:\/\/evelinprojetos.com\/site\/projeto-completo-de-interiores\/\">PROJETO completo de interiores<\/a><\/strong><\/h4>\n<p>Em todas elas oferecemos a modelagem 3D, a qual se baseia em utilizar um software de computador que trabalha para reproduzir digitalmente formas em tr\u00eas dimens\u00f5es.<\/p>\n<p>Atrav\u00e9s de um software de modelagem 3D \u00e9 poss\u00edvel ter uma ideia real de\u00a0como ficar\u00e1 a composi\u00e7\u00e3o do seu projeto. Uma Maquete Eletr\u00f4nica \u00e9\u00a0capaz de revelar todas as \u00a0caracter\u00edsticas do projeto, como materiais e revestimentos, ilumina\u00e7\u00e3o e tamb\u00e9m as op\u00e7\u00f5es de uso dos espa\u00e7os.<\/p>\n<p><strong>Considera\u00e7\u00f5es<\/strong><\/p>\n<ul>\n<li>Caso n\u00e3o queira solicitar outros projetos al\u00e9m da Modelagem 3D, mande-nos as dimens\u00f5es exatas do seu im\u00f3vel, fachada e\/ou\u00a0ambiente.<\/li>\n<li>Voc\u00ea pode nos mandar\u00a0fotos do local, do terreno ou imagens baixadas na internet de modelos prontos, ou ambientes que voc\u00ea admira.<\/li>\n<\/ul>\n<p>&nbsp;<\/p>\n<p style=\"text-align: center;\"><a href=\"http:\/\/evelinprojetos.com\/site\/pedido-de-orcamento\/\"><img loading=\"lazy\" class=\"aligncenter wp-image-984 size-medium\" src=\"http:\/\/evelinprojetos.com\/site\/wp-content\/uploads\/2018\/04\/BOT\u00c3O-300x54.png\" alt=\"\" width=\"300\" height=\"54\" srcset=\"https:\/\/evelinprojetos.com\/site\/wp-content\/uploads\/2018\/04\/BOT\u00c3O-300x54.png 300w, https:\/\/evelinprojetos.com\/site\/wp-content\/uploads\/2018\/04\/BOT\u00c3O.png 324w\" sizes=\"(max-width: 300px) 100vw, 300px\" \/><\/a>Sem compromisso!<\/p>\n","protected":false},"excerpt":{"rendered":"<p>Hoje temos 03 modalidades de projetos de design: \u00a0 \u00a0 \u00a0decora\u00e7\u00e3o de espa\u00e7os \u00a0 \u00a0 \u00a0Projeto de mobili\u00e1rio \u00a0 \u00a0 \u00a0PROJETO completo de interiores Em todas elas oferecemos a modelagem 3D, a qual se baseia em utilizar um software de computador que trabalha para reproduzir digitalmente formas em tr\u00eas dimens\u00f5es. Atrav\u00e9s de um software de &hellip; <a href=\"https:\/\/evelinprojetos.com\/site\/designdeinteriores\/\" class=\"more-link\">Continue lendo <span class=\"screen-reader-text\">Design de Interiores<\/span><\/a><\/p>\n","protected":false},"author":1,"featured_media":1184,"parent":0,"menu_order":0,"comment_status":"closed","ping_status":"closed","template":"","meta":{"_exactmetrics_skip_tracking":false,"_exactmetrics_sitenote_active":false,"_exactmetrics_sitenote_note":"","_exactmetrics_sitenote_category":0},"_links":{"self":[{"href":"https:\/\/evelinprojetos.com\/site\/wp-json\/wp\/v2\/pages\/33"}],"collection":[{"href":"https:\/\/evelinprojetos.com\/site\/wp-json\/wp\/v2\/pages"}],"about":[{"href":"https:\/\/evelinprojetos.com\/site\/wp-json\/wp\/v2\/types\/page"}],"author":[{"embeddable":true,"href":"https:\/\/evelinprojetos.com\/site\/wp-json\/wp\/v2\/users\/1"}],"replies":[{"embeddable":true,"href":"https:\/\/evelinprojetos.com\/site\/wp-json\/wp\/v2\/comments?post=33"}],"version-history":[{"count":7,"href":"https:\/\/evelinprojetos.com\/site\/wp-json\/wp\/v2\/pages\/33\/revisions"}],"predecessor-version":[{"id":1158,"href":"https:\/\/evelinprojetos.com\/site\/wp-json\/wp\/v2\/pages\/33\/revisions\/1158"}],"wp:featuredmedia":[{"embeddable":true,"href":"https:\/\/evelinprojetos.com\/site\/wp-json\/wp\/v2\/media\/1184"}],"wp:attachment":[{"href":"https:\/\/evelinprojetos.com\/site\/wp-json\/wp\/v2\/media?parent=33"}],"curies":[{"name":"wp","href":"https:\/\/api.w.org\/{rel}","templated":true}]}}