{"id":40,"date":"2018-04-18T14:50:21","date_gmt":"2018-04-18T17:50:21","guid":{"rendered":"http:\/\/evelinprojetos.com\/site\/?page_id=40"},"modified":"2021-10-04T19:41:12","modified_gmt":"2021-10-04T22:41:12","slug":"arquitetura-engenharia","status":"publish","type":"page","link":"https:\/\/evelinprojetos.com\/site\/","title":{"rendered":"Engenharia + Design"},"content":{"rendered":"<h2><\/h2>\n<hr \/>\n<h2>Quem sou eu?<\/h2>\n<hr \/>\n<p>Meu nome \u00e9 <strong>Evelin Costa Gomes<\/strong>, sou <strong>Engenheira Civil<\/strong> e\u00a0atuo no segmento de projetos Arquitet\u00f4nicos, Hidrossanit\u00e1rios, El\u00e9tricos, Estruturais de Concreto Armado e tamb\u00e9m de projetos em 3D para Arquitetura e Design de Interiores em todo o Brasil, oferecendo solu\u00e7\u00f5es para projetos de decora\u00e7\u00e3o, ilumina\u00e7\u00e3o e mobili\u00e1rio de ambientes para casas, apartamentos, layout de empresas, hot\u00e9is, escrit\u00f3rios, construtoras, entre outros.<\/p>\n<ul>\n<li><a href=\"http:\/\/evelinprojetos.com\/site\/sobre-mim\/\">Um pouco mais sobre mim<\/a><\/li>\n<li><a href=\"https:\/\/evelinprojetos.wordpress.com\/portfolio\">D\u00ea uma olhada no meu Portf\u00f3lio de projetos 3D<\/a><\/li>\n<\/ul>\n<p>&nbsp;<\/p>\n<hr \/>\n<h2>O que eu fa\u00e7o?<\/h2>\n<hr \/>\n<p>Minha\u00a0metodologia de trabalho \u00e9 baseada no planejamento e proje\u00e7\u00e3o de ambientes personalizados, em conson\u00e2ncia com os mais recentes padr\u00f5es de tecnologia e funcionalidade.<\/p>\n<p>De que forma eu posso te ajudar?<\/p>\n<ul class=\"sub-menu\">\n<li><a href=\"http:\/\/evelinprojetos.com\/site\/designdeinteriores\/\">Design de Interiores<\/a><\/li>\n<li class=\"menu-item menu-item-type-post_type menu-item-object-page menu-item-95\"><a href=\"http:\/\/evelinprojetos.com\/site\/projetos-arquitetonicos\/\">Projetos Arquitet\u00f4nicos<\/a><\/li>\n<li class=\"menu-item menu-item-type-post_type menu-item-object-page menu-item-95\"><a href=\"http:\/\/evelinprojetos.com\/site\/projetos-hidrossanitarios\/\">Projetos Hidrossanit\u00e1rios<\/a><\/li>\n<li class=\"menu-item menu-item-type-post_type menu-item-object-page menu-item-33\"><a href=\"http:\/\/evelinprojetos.com\/site\/projetos-eletricos\/\">Projetos El\u00e9tricos<\/a><\/li>\n<li class=\"menu-item menu-item-type-post_type menu-item-object-page menu-item-56\"><a href=\"http:\/\/evelinprojetos.com\/site\/projetos-estruturais\/\">Projetos Estruturais<\/a><\/li>\n<\/ul>\n<p>&nbsp;<\/p>\n<h2><\/h2>\n<hr \/>\n<h2>Como funciona?<\/h2>\n<hr \/>\n<h2><\/h2>\n<h3 style=\"text-align: center;\">Imagina\u00e7\u00e3o<\/h3>\n<h2><img loading=\"lazy\" class=\"wp-image-988 alignleft\" src=\"http:\/\/evelinprojetos.com\/site\/wp-content\/uploads\/2018\/04\/idea-300x300-1.png\" alt=\"\" width=\"78\" height=\"78\" srcset=\"https:\/\/evelinprojetos.com\/site\/wp-content\/uploads\/2018\/04\/idea-300x300-1.png 300w, https:\/\/evelinprojetos.com\/site\/wp-content\/uploads\/2018\/04\/idea-300x300-1-150x150.png 150w, https:\/\/evelinprojetos.com\/site\/wp-content\/uploads\/2018\/04\/idea-300x300-1-90x90.png 90w\" sizes=\"(max-width: 78px) 100vw, 78px\" \/><\/h2>\n<p>A primeira coisa a fazer \u00e9 nos informar como voc\u00ea imagina o seu im\u00f3vel.\u00a0 Voc\u00ea pode informar atrav\u00e9s de uma descri\u00e7\u00e3o simples do que deseja, um rascunho simples feito a m\u00e3o, uma <strong>planta <\/strong>j\u00e1 realizada, <strong>imagens de projetos<\/strong> que voc\u00ea extrair da internet, fotos, etc\u2026<\/p>\n<p>&nbsp;<\/p>\n<h3 style=\"text-align: center;\">Or\u00e7amento<\/h3>\n<p><img loading=\"lazy\" class=\" wp-image-987 alignleft\" src=\"http:\/\/evelinprojetos.com\/site\/wp-content\/uploads\/2018\/04\/coins-300x300-1.png\" alt=\"\" width=\"77\" height=\"77\" srcset=\"https:\/\/evelinprojetos.com\/site\/wp-content\/uploads\/2018\/04\/coins-300x300-1.png 300w, https:\/\/evelinprojetos.com\/site\/wp-content\/uploads\/2018\/04\/coins-300x300-1-150x150.png 150w, https:\/\/evelinprojetos.com\/site\/wp-content\/uploads\/2018\/04\/coins-300x300-1-90x90.png 90w\" sizes=\"(max-width: 77px) 100vw, 77px\" \/><\/p>\n<p>Ap\u00f3s nos dizer como voc\u00ea imagina o seu projeto, vamos realizar uma avalia\u00e7\u00e3o pr\u00e9via. Nesta etapa, retornaremos com os valores de investimento e prazo de realiza\u00e7\u00e3o.<\/p>\n<p>&nbsp;<\/p>\n<h3 style=\"text-align: center;\">Execu\u00e7\u00e3o<\/h3>\n<p>&nbsp;<\/p>\n<p><img loading=\"lazy\" class=\"wp-image-986 alignleft\" src=\"http:\/\/evelinprojetos.com\/site\/wp-content\/uploads\/2018\/04\/multi-edit-300x300-1.png\" alt=\"\" width=\"79\" height=\"79\" srcset=\"https:\/\/evelinprojetos.com\/site\/wp-content\/uploads\/2018\/04\/multi-edit-300x300-1.png 300w, https:\/\/evelinprojetos.com\/site\/wp-content\/uploads\/2018\/04\/multi-edit-300x300-1-150x150.png 150w, https:\/\/evelinprojetos.com\/site\/wp-content\/uploads\/2018\/04\/multi-edit-300x300-1-90x90.png 90w\" sizes=\"(max-width: 79px) 100vw, 79px\" \/><br \/>\nAp\u00f3s a assinatura do contrato, ser\u00e3o ent\u00e3o criados os primeiros<strong>\u00a0esbo\u00e7os<\/strong>, e enviados para avalia\u00e7\u00e3o da primeira vers\u00e3o e solicita\u00e7\u00f5es de altera\u00e7\u00f5es.<\/p>\n<p>&nbsp;<\/p>\n<p>&nbsp;<\/p>\n<p style=\"text-align: center;\">\u00a0<a href=\"https:\/\/evelinprojetos.com\/site\/pedido-de-orcamento\/\" target=\"_blank\" rel=\"noopener\"><img loading=\"lazy\" class=\"aligncenter wp-image-3676 size-medium\" src=\"https:\/\/evelinprojetos.com\/site\/wp-content\/uploads\/2018\/04\/button_300x54-300x54.png\" alt=\"\" width=\"300\" height=\"54\" \/><\/a>Sem compromisso!<\/p>\n","protected":false},"excerpt":{"rendered":"<p>Quem sou eu? Meu nome \u00e9 Evelin Costa Gomes, sou Engenheira Civil e\u00a0atuo no segmento de projetos Arquitet\u00f4nicos, Hidrossanit\u00e1rios, El\u00e9tricos, Estruturais de Concreto Armado e tamb\u00e9m de projetos em 3D para Arquitetura e Design de Interiores em todo o Brasil, oferecendo solu\u00e7\u00f5es para projetos de decora\u00e7\u00e3o, ilumina\u00e7\u00e3o e mobili\u00e1rio de ambientes para casas, apartamentos, layout &hellip; <a href=\"https:\/\/evelinprojetos.com\/site\/\" class=\"more-link\">Continue lendo <span class=\"screen-reader-text\">Engenharia + Design<\/span><\/a><\/p>\n","protected":false},"author":1,"featured_media":1239,"parent":0,"menu_order":0,"comment_status":"closed","ping_status":"closed","template":"page-templates\/full-width-page.php","meta":{"_exactmetrics_skip_tracking":false,"_exactmetrics_sitenote_active":false,"_exactmetrics_sitenote_note":"","_exactmetrics_sitenote_category":0},"_links":{"self":[{"href":"https:\/\/evelinprojetos.com\/site\/wp-json\/wp\/v2\/pages\/40"}],"collection":[{"href":"https:\/\/evelinprojetos.com\/site\/wp-json\/wp\/v2\/pages"}],"about":[{"href":"https:\/\/evelinprojetos.com\/site\/wp-json\/wp\/v2\/types\/page"}],"author":[{"embeddable":true,"href":"https:\/\/evelinprojetos.com\/site\/wp-json\/wp\/v2\/users\/1"}],"replies":[{"embeddable":true,"href":"https:\/\/evelinprojetos.com\/site\/wp-json\/wp\/v2\/comments?post=40"}],"version-history":[{"count":14,"href":"https:\/\/evelinprojetos.com\/site\/wp-json\/wp\/v2\/pages\/40\/revisions"}],"predecessor-version":[{"id":3678,"href":"https:\/\/evelinprojetos.com\/site\/wp-json\/wp\/v2\/pages\/40\/revisions\/3678"}],"wp:featuredmedia":[{"embeddable":true,"href":"https:\/\/evelinprojetos.com\/site\/wp-json\/wp\/v2\/media\/1239"}],"wp:attachment":[{"href":"https:\/\/evelinprojetos.com\/site\/wp-json\/wp\/v2\/media?parent=40"}],"curies":[{"name":"wp","href":"https:\/\/api.w.org\/{rel}","templated":true}]}}