{"id":49,"date":"2018-04-18T14:53:05","date_gmt":"2018-04-18T17:53:05","guid":{"rendered":"http:\/\/evelinprojetos.com\/site\/?page_id=49"},"modified":"2020-03-24T10:15:15","modified_gmt":"2020-03-24T13:15:15","slug":"projetos-estruturais","status":"publish","type":"page","link":"https:\/\/evelinprojetos.com\/site\/projetos-estruturais\/","title":{"rendered":"Projetos Estruturais"},"content":{"rendered":"<p>Os <strong>projetos estruturais<\/strong> baseiam-se na\u00a0previs\u00e3o da estrutura da edifica\u00e7\u00e3o, isto \u00e9, funda\u00e7\u00f5es, pilares, vigas e lajes.<\/p>\n<p>A realiza\u00e7\u00e3o do projeto estrutural beneficia o usu\u00e1rio em muitos aspectos, principalmente quanto \u00e0 seguran\u00e7a da edifica\u00e7\u00e3o, \u00e0 facilidade em futuras reformas, e \u00e0 redu\u00e7\u00e3o de prazos e custos na execu\u00e7\u00e3o da obra.<\/p>\n<p>Al\u00e9m disso, tal projeto contribui para<\/p>\n<ul>\n<li><strong>o bom planejamento de sua obra<\/strong>, pois conta com a lista de materiais que voc\u00ea precisar\u00e1 comprar para sua constru\u00e7\u00e3o.<\/li>\n<li><strong>desvio de problemas futuros<\/strong>, afinal, na realiza\u00e7\u00e3o de um projeto estrutural, s\u00e3o feitos c\u00e1lculos para dimensionamento das funda\u00e7\u00f5es, pilares, vigas, lajes, considerando a est\u00e9tica do edif\u00edcio.<\/li>\n<\/ul>\n<p>&nbsp;<\/p>\n<p><strong>Considera\u00e7\u00f5es<\/strong><\/p>\n<ul>\n<li>Para a efetiva\u00e7\u00e3o deste projeto, precisamos do projeto arquitet\u00f4nico completo.<\/li>\n<li>Ap\u00f3s o t\u00e9rmino do projeto, voc\u00ea ter\u00e1 at\u00e9 03 altera\u00e7\u00f5es gr\u00e1tis. Ultrapassando o limite de altera\u00e7\u00f5es, ser\u00e1 cobrado um custo de R$50,00 por altera\u00e7\u00e3o.<\/li>\n<li>O\u00a0projeto final ser\u00e1 entregue por e-mail\u00a0em formato port\u00e1til de documento (.pdf).<\/li>\n<\/ul>\n<p>&nbsp;<\/p>\n<p style=\"text-align: center;\"><a href=\"http:\/\/evelinprojetos.com\/site\/pedido-de-orcamento\/\"><img loading=\"lazy\" class=\"size-medium wp-image-984 aligncenter\" src=\"http:\/\/evelinprojetos.com\/site\/wp-content\/uploads\/2018\/04\/BOT\u00c3O-300x54.png\" alt=\"\" width=\"300\" height=\"54\" srcset=\"https:\/\/evelinprojetos.com\/site\/wp-content\/uploads\/2018\/04\/BOT\u00c3O-300x54.png 300w, https:\/\/evelinprojetos.com\/site\/wp-content\/uploads\/2018\/04\/BOT\u00c3O.png 324w\" sizes=\"(max-width: 300px) 100vw, 300px\" \/><\/a>Sem compromisso!<\/p>\n","protected":false},"excerpt":{"rendered":"<p>Os projetos estruturais baseiam-se na\u00a0previs\u00e3o da estrutura da edifica\u00e7\u00e3o, isto \u00e9, funda\u00e7\u00f5es, pilares, vigas e lajes. A realiza\u00e7\u00e3o do projeto estrutural beneficia o usu\u00e1rio em muitos aspectos, principalmente quanto \u00e0 seguran\u00e7a da edifica\u00e7\u00e3o, \u00e0 facilidade em futuras reformas, e \u00e0 redu\u00e7\u00e3o de prazos e custos na execu\u00e7\u00e3o da obra. Al\u00e9m disso, tal projeto contribui para &hellip; <a href=\"https:\/\/evelinprojetos.com\/site\/projetos-estruturais\/\" class=\"more-link\">Continue lendo <span class=\"screen-reader-text\">Projetos Estruturais<\/span><\/a><\/p>\n","protected":false},"author":1,"featured_media":1204,"parent":0,"menu_order":0,"comment_status":"closed","ping_status":"closed","template":"","meta":{"_exactmetrics_skip_tracking":false,"_exactmetrics_sitenote_active":false,"_exactmetrics_sitenote_note":"","_exactmetrics_sitenote_category":0},"_links":{"self":[{"href":"https:\/\/evelinprojetos.com\/site\/wp-json\/wp\/v2\/pages\/49"}],"collection":[{"href":"https:\/\/evelinprojetos.com\/site\/wp-json\/wp\/v2\/pages"}],"about":[{"href":"https:\/\/evelinprojetos.com\/site\/wp-json\/wp\/v2\/types\/page"}],"author":[{"embeddable":true,"href":"https:\/\/evelinprojetos.com\/site\/wp-json\/wp\/v2\/users\/1"}],"replies":[{"embeddable":true,"href":"https:\/\/evelinprojetos.com\/site\/wp-json\/wp\/v2\/comments?post=49"}],"version-history":[{"count":4,"href":"https:\/\/evelinprojetos.com\/site\/wp-json\/wp\/v2\/pages\/49\/revisions"}],"predecessor-version":[{"id":1201,"href":"https:\/\/evelinprojetos.com\/site\/wp-json\/wp\/v2\/pages\/49\/revisions\/1201"}],"wp:featuredmedia":[{"embeddable":true,"href":"https:\/\/evelinprojetos.com\/site\/wp-json\/wp\/v2\/media\/1204"}],"wp:attachment":[{"href":"https:\/\/evelinprojetos.com\/site\/wp-json\/wp\/v2\/media?parent=49"}],"curies":[{"name":"wp","href":"https:\/\/api.w.org\/{rel}","templated":true}]}}